2 and 520784?
1936
Calculate the greatest common factor of 8206 and 23998447.
4103
What is the highest common divisor of 18809426 and 316?
158
Calculate the highest common factor of 27392083 and 663.
17
Calculate the highest common factor of 5588 and 682902.
22
What is the highest common divisor of 5 and 18498985?
5
Calculate the highest common divisor of 155133927 and 4077.
4077
What is the greatest common divisor of 414 and 55592288?
46
Calculate the greatest common divisor of 104423 and 13552.
121
Calculate the greatest common divisor of 50653940 and 940.
20
What is the greatest common factor of 24089275 and 406?
7
Calculate the highest common divisor of 3690 and 760860.
90
Calculate the greatest common factor of 5495784 and 420.
84
What is the greatest common divisor of 404 and 46372?
4
What is the highest common factor of 11324 and 182551373?
2831
Calculate the greatest common divisor of 207495 and 70119.
1431
What is the highest common divisor of 1113381 and 90117?
2907
What is the highest common factor of 29388 and 2921564?
124
Calculate the greatest common factor of 278366 and 638.
22
What is the highest common factor of 14750 and 1320420?
590
What is the greatest common divisor of 131685039 and 3357?
3357
What is the greatest common factor of 6090 and 3800?
10
What is the highest common factor of 14121925 and 9045?
335
Calculate the highest common divisor of 3471 and 8896707.
267
What is the highest common factor of 100742166 and 1845?
369
What is the greatest common divisor of 9188 and 38006162?
4594
What is the highest common factor of 5124 and 170497684?
1708
Calculate the greatest common divisor of 19372704 and 152.
152
Calculate the greatest common divisor of 178155319 and 1098.
61
Calculate the highest common factor of 144927825 and 41.
41
What is the highest common divisor of 62238 and 26517942?
1518
Calculate the greatest common factor of 87604326 and 6.
6
Calculate the greatest common factor of 1826408 and 1336.
8
Calculate the greatest common factor of 405635503 and 10754.
5377
What is the greatest common divisor of 120727155 and 15?
15
Calculate the greatest common factor of 104814 and 56214.
162
Calculate the greatest common divisor of 4641629 and 2023.
289
What is the greatest common factor of 17978 and 747602?
202
What is the highest common factor of 573 and 38395202?
191
Calculate the greatest common divisor of 240 and 4638300.
60
What is the greatest common factor of 48 and 22629192?
24
What is the greatest common factor of 1002078219 and 642?
321
Calculate the highest common factor of 30566 and 166634.
986
What is the greatest common divisor of 22720 and 13845?
355
Calculate the highest common factor of 10838976 and 1728.
192
Calculate the greatest common factor of 644 and 97926226.
46
What is the highest common divisor of 8188 and 4722636?
92
Calculate the highest common factor of 36 and 83686068.
36
What is the greatest common factor of 1017 and 534510?
9
Calculate the greatest common factor of 912 and 6582328.
8
Calculate the greatest common factor of 32950 and 1296950.
50
Calculate the highest common factor of 134 and 138100.
2
Calculate the greatest common factor of 50710441 and 5053.
163
What is the greatest common divisor of 1297580 and 2980?
20
What is the greatest common divisor of 423292 and 3218206?
1978
Calculate the greatest common factor of 52749634 and 2114.
14
What is the highest common divisor of 35 and 29324895?
5
Calculate the greatest common divisor of 346024812 and 84.
84
Calculate the highest common factor of 1660904 and 6392.
8
Calculate the greatest common factor of 718713 and 909.
9
What is the highest common factor of 339980 and 213156?
764
What is the highest common divisor of 36 and 23188032?
36
What is the greatest common divisor of 219155 and 174370?
265
Calculate the highest common factor of 389765550 and 88965.
9885
Calculate the greatest common divisor of 252 and 13902714.
126
What is the greatest common factor of 15368 and 325982400?
904
What is the highest common factor of 99 and 62413479?
9
What is the highest common factor of 300308 and 2696548?
1556
Calculate the highest common divisor of 11274770 and 208.
26
Calculate the greatest common factor of 1979528 and 65612.
1396
Calculate the greatest common divisor of 48635700 and 4.
4
Calculate the highest common factor of 19684 and 24609736.
148
Calculate the highest common divisor of 2013176 and 572.
44
What is the greatest common factor of 6884220 and 20076?
84
What is the highest common divisor of 547049 and 488270?
311
What is the highest common factor of 2165839 and 1703?
13
Calculate the greatest common factor of 420 and 7300524.
84
Calculate the highest common divisor of 2921155 and 6305.
485
What is the highest common divisor of 10062274 and 16816?
2102
Calculate the highest common divisor of 155561305 and 391.
391
Calculate the greatest common divisor of 6082336 and 68432.
208
Calculate the highest common factor of 2 and 5158661.
1
What is the highest common factor of 1139 and 488705035?
1139
Calculate the greatest common divisor of 62 and 23396413.
31
Calculate the greatest common divisor of 6070 and 74890.
10
Calculate the greatest common divisor of 1461993 and 66443.
247
Calculate the highest common factor of 108106 and 70750.
566
Calculate the greatest common divisor of 134640 and 75680.
880
What is the highest common factor of 487 and 745214218?
487
What is the greatest common factor of 1176 and 4920776?
392
Calculate the greatest common divisor of 396 and 15388857.
99
What is the highest common divisor of 13673914 and 172?
86
Calculate the greatest common factor of 5964 and 3567963.
1491
Calculate the highest common divisor of 89 and 24472597.
89
Calculate the highest common factor of 1224 and 1813104.
72
Calculate the greatest common divisor of 3151 and 265917.
137
What is the greatest common divisor of 4029615 and 3420?
855
What is the greatest common divisor of 403717632 and 272?
272
Calculate the highest common divisor of 21 and 24582243.
21
What is the greatest common factor of 29894245 and 215?
215
Calculate the greatest common factor of 3703476 and 8400.
84
What is the greatest common divisor of 2502588 and 275?
11
What is the highest common divisor of 24118790 and 244?
122
What is the greatest common divisor of 13753999 and 77?
7
What is the highest common factor of 12852 and 613683?
3213
What is the highest common divisor of 3 and 100457823?
3
Calculate the highest common divisor of 7220 and 586402985.
1805
What is the greatest common divisor of 329175 and 2409?
33
What is the greatest common factor of 31449929 and 49?
7
Calculate the highest common divisor of 1496 and 13564606.
374
Calculate the highest common divisor of 397 and 4070044.
397
Calculate the highest common divisor of 173315 and 15551453.
2039
What is the greatest common factor of 2448176 and 8480?
848
Calculate the greatest common factor of 80 and 6981664.
16
What is the greatest common factor of 38243661 and 249?
249
What is the highest common factor of 375921 and 71757?
1071
Calculate the highest common factor of 966167 and 7396.
43
Calculate the greatest common divisor of 13562340 and 990.
330
What is the highest common divisor of 91483 and 31?
1
Calculate the greatest common divisor of 1080369411 and 46365.
9273
Calculate the greatest common divisor of 416 and 5900011.
13
What is the greatest common factor of 134779732 and 2892?
964
What is the greatest common divisor of 41675 and 20172367?
1667
Calculate the greatest common divisor of 156154 and 118664.
326
What is the greatest common factor of 150 and 67772630?
10
What is the highest common factor of 140 and 74922344?
28
Calculate the highest common divisor of 297 and 8071965.
99
What is the highest common divisor of 29148 and 8949528?
84
What is the greatest common divisor of 271992833 and 35?
7
Calculate the highest common factor of 515 and 527150910.
515
Calculate the highest common divisor of 7160 and 679126.
358
What is the greatest common divisor of 811573560 and 14?
14
Calculate the highest common factor of 128992 and 30189.
29
What is the highest common divisor of 6551339 and 30256?
61
Calculate the highest common factor of 1240 and 3096714.
62
Calculate the highest common divi